- 4*n - 4877, 0 = -2*a + 2*n - 3242. Suppose -4*j = 2*c - 30, 4*j + 2*c - 35 = c. Is (a/6)/((-5)/j) a prime number?
True
Let b = 81 - 73. Suppose 1544 = b*h - 13568. Let j = -1248 + h. Is j a prime number?
True
Suppose -16*q = -42*q + 133874. Let p = q + -758. Is p a composite number?
False
Let g(b) = 142973*b**2 + 39*b - 49. Is g(1) prime?
True
Let v(x) = 3*x - 3. Let g(i) = -i + 2. Let t(h) = -5*g(h) - 2*v(h). Let q be t(-5). Is q*1895/15*3 composite?
False
Suppose 30 = -68*p + 78*p. Suppose q = -r - 0*r + 10478, p*r - 31394 = 5*q. Is r a prime number?
False
Let n = -1842 + 3620. Let d = n - -14385. Is d a composite number?
True
Let k(v) = -40350*v - 71. Is k(-3) prime?
False
Let n be 1/(-3*4/(-48) + 0). Let q be -3*1/(-1 + n). Is q/((-10)/(-40) - (-622)/(-2456)) composite?
False
Suppose 4*l + 18 = 5*f, 0 = -2*f + 3*l - 5*l. Suppose 3*v - 95*c - 9492 = -96*c, f*v - 6335 = -3*c. Is v a prime number?
True
Let w(u) = 5212*u + 677. Is w(12) prime?
False
Let s(u) = 4*u**3 + 7*u**2 + 11*u - 7. Let d be s(6). Suppose -4*i - b = 1171, -4*i = -b - 2*b + d. Let t = -90 - i. Is t a composite number?
True
Let r be -8 + 11 + (-590)/(-2) + -2. Suppose 0 = m - r - 90. Let v = m + -93. Is v a prime number?
True
Let f = 3272 - 937. Let k = -3664 + f. Let u = k + 4972. Is u a prime number?
True
Let s(d) = 101*d**2 - 369*d - 31. Is s(-60) composite?
False
Let f(o) = 6956*o**3 - o**2 + 1. Let j be f(1). Suppose 227*u - 223*u - j = 0. Is u prime?
False
Suppose -315969 = -3*x - 4*d, 19*d - 24*d = -15. Is x prime?
True
Suppose 3140633 - 8612338 = -85*n. Is n a prime number?
True
Let z be 0/(-3)*2/(-4). Suppose 2*k = -4*b + 14944, 3*k - 14948 = -z*b - 4*b. Is b prime?
False
Suppose 6*i + 15 = 11*i. Suppose -4*z - 4*b + 24 = 0, 0 = -z + 2*b + i*b - 18. Suppose y + 293 = n, z*n + 133 = y + 724. Is n a composite number?
True
Suppose 0 = -3*t - 2*t - 28260. Let d = t - -14493. Suppose 0 = 9*n - 16*n + d. Is n prime?
False
Is 0/(-9 - 8) - (-75914 - -1) prime?
True
Suppose 2*s - 5 = -5*w, -2*w - 12 = -5*s - 14. Let y(h) = -2*h - 354. Let j(b) = b + 353. Let q(r) = 7*j(r) + 6*y(r). Is q(s) composite?
False
Let m = 75 - 72. Suppose n - 4*c = 4175, m*c + 4720 = 3*n - 7760. Let q = 172 + n. Is q a composite number?
False
Suppose -3*r - 140*v = -141*v - 16, -5*r + 2*v = -28. Suppose 0 = 4*p + s - 6136, r*p + s - 6160 = 6*s. Is p composite?
True
Is (45 - (-1930152)/63)*3*1 composite?
True
Let u = 45325 - 27618. Is u a prime number?
True
Suppose -16*b + 11*b + 10 = 0. Suppose 4*p - b*k - 35 = -3*k, 0 = 2*p + 4*k. Suppose 4*n - p*n + 1974 = 0. Is n a prime number?
False
Suppose 40*i - 8138 = 38*i. Suppose 16683 = 14*r + i. Is r composite?
True
Let p be (-26)/156 + ((-31)/(-6) - 2). Suppose -4*u - 8390 = -3*t, -5 = -p*u - 2*u. Is t a prime number?
False
Suppose 14 = -w + 4*p, 0 = -5*w + p - 11 - 2. Let m be 1*w*(2 + 4/(-8)). Is (m + -2015)*3/(-3) composite?
True
Suppose 86*z - 59*z - 303561 = 0. Is z composite?
False
Let d(c) = -c**3 - c**2 - 4*c + 133973. Is d(0) a prime number?
False
Let c(l) = 4985*l**2 + 46*l - 5. Is c(-4) a prime number?
False
Suppose -2*f = -4*p + 14, -5*p - 5*f = -2*f - 23. Let k(u) = 57*u**2 - 4*u - 4. Let a be k(p). Suppose -4*m = -2*m - a. Is m composite?
True
Let s(o) = 11*o**3 - 10*o**2 + 8*o + 1. Let u be s(1). Suppose -47*g - 1013 = -k - 44*g, 5*g = -u. Is k a composite number?
True
Let d be 11/3 - (1/3)/(-1). Let i(h) be the second derivative of 7*h**5/20 - h**4/12 + 5*h**3/6 - 9*h**2/2 + 48*h. Is i(d) composite?
False
Let l = -27 - -21. Let s be l + 235 + (-2)/1 + -3. Suppose -2*f = -s - 434. Is f a composite number?
True
Suppose 25 = -5*c, 4*l - 30*c = -26*c + 2080. Let j = l + -248. Is j a composite number?
True
Suppose 1013 = -39*v + 311. Is (-3)/(-9)*(-986526)/v prime?
True
Let n(y) = 100769*y**2 + 200*y - 1243. Is n(6) prime?
True
Let a(v) = -4*v + 5*v + 1485*v**2 - 4*v - 1. Suppose 7 - 6 - 9 = -8*c. Is a(c) prime?
True
Let y = -121 - -123. Suppose -2*c = -5*p + 19091, 3 = -y*c - 3. Is p a composite number?
True
Let q(w) = 2883*w + 225. Is q(2) prime?
False
Let m(f) = 34*f + 23. Let a(j) = 33*j + 21. Let c(n) = 4*a(n) - 5*m(n). Let d(o) = -o**3 - 5*o**2 - 4*o - 3. Let l be d(-2). Is c(l) a composite number?
True
Let t be (-4 - -5 - 560310) + 6/(-2). Is 3/(-2) + (5 - t/16) prime?
True
Let o(t) = -t + 11. Let r be o(11). Let u(m) = m**2 + 38*m + 75. Let z be u(-36). Suppose -z*l - 29 + 1376 = r. Is l prime?
True
Let z(d) = d**3 + 3. Let c be z(0). Suppose 2*i + 187 = -3*i - 4*a, c*a = 5*i + 166. Is ((-3563)/i)/((-2)/(-10)) a prime number?
True
Suppose 42 = 5*z - 3. Suppose z*t + 130 = 11*t. Suppose t*g = 60*g + 5515. Is g composite?
False
Let q(u) = 627*u**2 - 5*u - 351. Is q(19) a composite number?
True
Suppose 10*q - 8*q - 4 = 0. Let m be (-34728)/2*(2/(-3))/q. Suppose 4*w - n - 7644 - m = 0, 3*w - 5*n = 10057. Is w a prime number?
True
Let c(m) = -846*m**3 - 7*m**2 - 8*m - 15. Let u be c(-3). Is 2/(-5 - u/(-5694) - -1) composite?
True
Let c(a) be the third derivative of 214*a**6/15 + a**5/60 - a**4/24 + a**3/6 - 48*a**2. Is c(1) a composite number?
True
Let h = 76 + -71. Suppose r + 3*u + 5 = -2, 4*u = h*r - 22. Is (-11093)/(-4) + 6 + r/(-8) a prime number?
False
Let x(j) = -2*j - 29. Let a be x(-12). Is 2/(-3)*((-705)/(-2))/a a prime number?
True
Suppose -21*j - 697764 = -2*g - 23*j, 2*g - 5*j - 697771 = 0. Is g composite?
False
Let z(g) = -2*g + 61. Let w be z(29). Suppose w*l - 41664 = 2*x + x, 3*l - 2*x - 41659 = 0. Is l a prime number?
True
Let n(s) be the first derivative of -23*s**4/4 + 13*s**3/3 + 13*s**2/2 + 7*s - 56. Is n(-8) a prime number?
True
Let o(p) = 13*p**2 + 35*p + 76. Let f be o(-25). Suppose 4*c = f - 2050. Is c a prime number?
True
Is (1/3)/(91/6392841) a prime number?
True
Let y(x) = -1508*x - 161. Let n be ((-17)/(-7) - 2) + 114/(-21). Is y(n) composite?
True
Suppose 0 = -5*m + d + 216701, -82562 = -5*m + 4*d + 134157. Is m a prime number?
False
Let u(y) = 325929*y**3 + 9*y**2 + 27*y - 36. Is u(1) a composite number?
True
Let h = 5479 + 11190. Is h composite?
True
Suppose 0 = 65*c - 51 + 246. Let a(j) = -j**2 + j. Let m(s) = -137*s**2 - 14*s - 4. Let h(b) = -5*a(b) - m(b). Is h(c) prime?
False
Suppose -15*t + 10*t = 6775. Let y = t - -2648. Is y a composite number?
True
Let v be -30*(-8)/32*(-370)/(-3). Suppose 4*n = 5*b + 14357, -2*b = -5*n + v + 17034. Is n prime?
True
Suppose -5*f - 27 = -4*c + 3*c, -c = 5*f + 23. Let y(w) = -6*w**c - 8 + 14*w**2 - 2*w**2 - 3*w. Is y(5) a prime number?
True
Suppose k = -3*n + 302318, 2*n + 5*k - 286576 = -85022. Is (-4)/((-80)/n) + (-8)/(-20) a prime number?
True
Suppose 0 = 212*v - 207*v + 83155. Let b = 28180 + v. Is b prime?
True
Suppose 3*l - 63786 = -5*g, 10*g + 5*l - 12744 = 9*g. Is g composite?
True
Suppose 37*r - 17*r + 185488 = 36*r. Is r prime?
True
Let i(w) = -48*w - 26. Suppose 7*b - 8 = 5*b + 4*k, -2*b + 3*k + 8 = 0. Suppose c = -4*q - 14, -q - 20 = 2*q - b*c. Is i(q) prime?
False
Suppose 12*t - 108801 - 10587 = 0. Is t a composite number?
False
Suppose -4*h + 9 = -3. Suppose -467 = -h*g + 274. Is g a composite number?
True
Let r = -181892 - -265683. Is r a prime number?
True
Let a(g) = -5 - 12*g + 167*g**2 - 165*g**2 + 4. Is a(-8) composite?
False
Let g(j) = -5195*j + 389. Is g(-40) prime?
True
Is (-2490699)/(-2)*834/1251 composite?
False
Suppose 2*x = 8 - 4. Suppose -10*w = -x*w - 59240. Is w composite?
True
Let t = -446326 + 938144. Is t composite?
True
Let p(d) = -50*d**3 - 12*d**2 - 48*d - 87. Is p(-17) composite?
False
Suppose 49*s - 50*s + 3158 = 0. Is 66/44*s*1 a composite number?
True
Let b = 129 - -72. Suppose -206*o = -b*o - 13025. Is o composite?
True
Let a be (-12879)/(-12) + (6/8 - 1). Is a + 15/(-3) - -1 a composite number?
False
Suppose 2*w = -6*t + 3*t + 152329, 8*w = 4*t - 203180. Is t a prime number?
False
Suppose o = -5*s + 75445, -60356 = 30*s - 34*s + 2*o. Is s a prime number?
False
Is (-5565)/(-70)*((-28686)/(-9))/7 composite?
True
Let o(g) be the third derivative of 23*g**5/60 + 3*g**4/8 + 11*g**3/6 - 56*g**2. Is o(-5) a composite number?
False
Suppose -5*g + 471 - 2086 = 0. Let s = 1894 + g. Suppose -3*o + 279 = 3*p - 903, 4*o - s = -3*p. Is o prime?
True
Suppose -23*m - s = -16*m - 515805, -4*s = m - 73671. Is m composite?
True
Let p = 98